{"id":76660,"date":"2026-02-19T12:23:02","date_gmt":"2026-02-19T15:23:02","guid":{"rendered":"https:\/\/bazarmaipu.com.ar\/woo\/producto\/cacerola-bar-kitchen-con-mango-acero-inoxidable-professional-triple-fondo-28-cm\/"},"modified":"2026-03-27T14:22:04","modified_gmt":"2026-03-27T17:22:04","slug":"cacerola-bar-kitchen-con-mango-acero-inoxidable-professional-triple-fondo-28-cm","status":"publish","type":"product","link":"https:\/\/bazarmaipu.com.ar\/woo\/producto\/cacerola-bar-kitchen-con-mango-acero-inoxidable-professional-triple-fondo-28-cm\/","title":{"rendered":"Cacerola con mango bar kitchen  Acero Inoxidable Professional Triple Fondo 28 cm"},"content":{"rendered":"<p>Comida m\u00e1s sana: por ser de acero inoxidable, esta  cacerola no libera ning\u00fan tipo de residuo en sus recetas.<br \/>\n&#8211; F\u00e1cil de usar: una cacerola pr\u00e1ctica para todas sus recetas y que se luce en cualquier tipo de cocina: a gas, el\u00e9ctrica, vitrocer\u00e1mica y de inducci\u00f3n. Adem\u00e1s, tiene tapa con salida de vapor y encaje perfecto.<\/p>\n<p>Ahorrar tiempo y energ\u00eda: el secreto est\u00e1 en el fondo triple (acero inoxidable + aluminio + acero inoxidable), que distribuye el calor uniformemente, proporcionando una cocci\u00f3n m\u00e1s r\u00e1pida. Por eso, puede mantenerse el fuego bajo durante toda la preparaci\u00f3n y as\u00ed ahorrar energ\u00eda. Adem\u00e1s, la olla totalmente fabricada en acero inoxidable puede ir al horno para gratinar o finalizar platos, a una temperatura m\u00e1xima de 260\u00ba C.<br \/>\nF\u00e1cil de limpiar: dejar su cacerola brillante es simple, s\u00f3lo se necesita agua, jab\u00f3n y una esponja blanda. Si prefiere, puede lavarla en el lavavajillas.<\/p>\n","protected":false},"excerpt":{"rendered":"<p>Comida m\u00e1s sana: por ser de acero inoxidable, esta cacerola no libera ning\u00fan tipo de residuo en sus recetas. &#8211; [&hellip;]<\/p>\n","protected":false},"featured_media":76659,"comment_status":"closed","ping_status":"closed","template":"","meta":{"site-sidebar-layout":"default","site-content-layout":"","ast-site-content-layout":"default","site-content-style":"default","site-sidebar-style":"default","ast-global-header-display":"","ast-banner-title-visibility":"","ast-main-header-display":"","ast-hfb-above-header-display":"","ast-hfb-below-header-display":"","ast-hfb-mobile-header-display":"","site-post-title":"","ast-breadcrumbs-content":"","ast-featured-img":"","footer-sml-layout":"","ast-disable-related-posts":"","theme-transparent-header-meta":"","adv-header-id-meta":"","stick-header-meta":"","header-above-stick-meta":"","header-main-stick-meta":"","header-below-stick-meta":"","astra-migrate-meta-layouts":"default","ast-page-background-enabled":"default","ast-page-background-meta":{"desktop":{"background-color":"var(--ast-global-color-5)","background-image":"","background-repeat":"repeat","background-position":"center center","background-size":"auto","background-attachment":"scroll","background-type":"","background-media":"","overlay-type":"","overlay-color":"","overlay-opacity":"","overlay-gradient":""},"tablet":{"background-color":"","background-image":"","background-repeat":"repeat","background-position":"center center","background-size":"auto","background-attachment":"scroll","background-type":"","background-media":"","overlay-type":"","overlay-color":"","overlay-opacity":"","overlay-gradient":""},"mobile":{"background-color":"","background-image":"","background-repeat":"repeat","background-position":"center center","background-size":"auto","background-attachment":"scroll","background-type":"","background-media":"","overlay-type":"","overlay-color":"","overlay-opacity":"","overlay-gradient":""}},"ast-content-background-meta":{"desktop":{"background-color":"var(--ast-global-color-4)","background-image":"","background-repeat":"repeat","background-position":"center center","background-size":"auto","background-attachment":"scroll","background-type":"","background-media":"","overlay-type":"","overlay-color":"","overlay-opacity":"","overlay-gradient":""},"tablet":{"background-color":"var(--ast-global-color-4)","background-image":"","background-repeat":"repeat","background-position":"center center","background-size":"auto","background-attachment":"scroll","background-type":"","background-media":"","overlay-type":"","overlay-color":"","overlay-opacity":"","overlay-gradient":""},"mobile":{"background-color":"var(--ast-global-color-4)","background-image":"","background-repeat":"repeat","background-position":"center center","background-size":"auto","background-attachment":"scroll","background-type":"","background-media":"","overlay-type":"","overlay-color":"","overlay-opacity":"","overlay-gradient":""}},"_joinchat":[]},"product_brand":[2167],"product_cat":[2173],"product_tag":[],"class_list":{"0":"post-76660","1":"product","2":"type-product","3":"status-publish","4":"has-post-thumbnail","6":"product_brand-bar-kitchen","7":"product_cat-cacerolas-y-ollas","8":"desktop-align-center","9":"tablet-align-left","10":"mobile-align-left","12":"first","13":"instock","14":"shipping-taxable","15":"product-type-simple"},"_links":{"self":[{"href":"https:\/\/bazarmaipu.com.ar\/woo\/wp-json\/wp\/v2\/product\/76660","targetHints":{"allow":["GET"]}}],"collection":[{"href":"https:\/\/bazarmaipu.com.ar\/woo\/wp-json\/wp\/v2\/product"}],"about":[{"href":"https:\/\/bazarmaipu.com.ar\/woo\/wp-json\/wp\/v2\/types\/product"}],"replies":[{"embeddable":true,"href":"https:\/\/bazarmaipu.com.ar\/woo\/wp-json\/wp\/v2\/comments?post=76660"}],"version-history":[{"count":1,"href":"https:\/\/bazarmaipu.com.ar\/woo\/wp-json\/wp\/v2\/product\/76660\/revisions"}],"predecessor-version":[{"id":76672,"href":"https:\/\/bazarmaipu.com.ar\/woo\/wp-json\/wp\/v2\/product\/76660\/revisions\/76672"}],"wp:featuredmedia":[{"embeddable":true,"href":"https:\/\/bazarmaipu.com.ar\/woo\/wp-json\/wp\/v2\/media\/76659"}],"wp:attachment":[{"href":"https:\/\/bazarmaipu.com.ar\/woo\/wp-json\/wp\/v2\/media?parent=76660"}],"wp:term":[{"taxonomy":"product_brand","embeddable":true,"href":"https:\/\/bazarmaipu.com.ar\/woo\/wp-json\/wp\/v2\/product_brand?post=76660"},{"taxonomy":"product_cat","embeddable":true,"href":"https:\/\/bazarmaipu.com.ar\/woo\/wp-json\/wp\/v2\/product_cat?post=76660"},{"taxonomy":"product_tag","embeddable":true,"href":"https:\/\/bazarmaipu.com.ar\/woo\/wp-json\/wp\/v2\/product_tag?post=76660"}],"curies":[{"name":"wp","href":"https:\/\/api.w.org\/{rel}","templated":true}]}}